 z?
8
Let n be (-85)/(-30) - (-1)/(5 - -1). Suppose n*r - 2*r - 66 = c, 2*r + 2*c = 132. What is the tens digit of r?
6
Let p(t) = 21*t**2 - 27*t - 18. Let j be p(-6). Let s = j + -491. What is the tens digit of s?
0
Let d = 15426 - 8563. What is the units digit of d?
3
Let f(a) = 9*a**2 - 51*a - 489. What is the tens digit of f(65)?
2
Suppose -6182*u + 6177*u = -73945. What is the units digit of u?
9
Let c be (-26)/(2 + ((-7252)/516)/7). Suppose -a + 2*a = 3*o - 2012, 5*o - 2*a = c. What is the units digit of o?
0
Let s be (-80)/(-12) - 2/(-6). Suppose -2*z + 4*a = 96, z + 61 = 5*a + s. Let q = z + 107. What is the units digit of q?
3
What is the thousands digit of (127/(-3))/(76/(-7524))?
4
Let l(h) be the second derivative of -11*h**5/30 - 10*h**3/3 + h. Let d(x) be the second derivative of l(x). What is the tens digit of d(-1)?
4
Let o(d) = 15*d**2 - 3*d. Let w be o(3). Suppose -101*q + 10 = -99*q. Suppose w = -3*k + q*k. What is the tens digit of k?
6
Suppose -q + 1130 + 3037 = 0. What is the hundreds digit of (-2)/4 - q/(-18)?
2
Suppose -2*o - 2*w = -7*o - 125, 5*o = -3*w - 150. Let l = -26 - o. Let a(g) = 97*g**2 + 4*g - 5. What is the units digit of a(l)?
6
Let u(o) = -53*o - 70. Let k be u(-9). Suppose -2*x = 3*f - 794, x + 0*x = -4*f + k. What is the units digit of x?
1
Let f(m) = -2 + 626*m**2 + 4*m**3 + 2*m**3 - 625*m**2 + 0. What is the units digit of f(1)?
5
Suppose 5*y - 69 = -q + 196, 1298 = 5*q - 2*y. Let j = q + -105. What is the hundreds digit of j?
1
Let g(z) be the first derivative of -7/3*z**3 + 1/4*z**4 + z**2 - 7*z + 15. What is the tens digit of g(8)?
7
Let x(c) = -198*c - 3358. What is the thousands digit of x(-52)?
6
Let n = -2338 + 8908. What is the tens digit of n?
7
Let m be (-4)/(-6) - 120540/45. Let g = 3864 + m. What is the hundreds digit of g?
1
Let b be 1*(6 + -4) + -1 + 4. What is the units digit of b - 5 - -6 - -759?
5
Let w = -9571 + 18269. What is the thousands digit of w?
8
Suppose 54 = 5*d - 21. Let u be 1389/d - -4 - 4/(-10). Let v = u - 58. What is the units digit of v?
9
Suppose -7*o + 14 = 0, 16*o = 5*r + 13*o - 4289. What is the hundreds digit of r?
8
Let o(l) = 444*l**2 + 34*l + 83. What is the units digit of o(-7)?
1
Suppose -9552 = -5*b + 2*h, 2*b + 2*h - 3832 = -0*h. Suppose -15*d + 11*d = -b. What is the units digit of d?
8
Let o(m) = -999*m - 16. What is the tens digit of o(-3)?
8
Suppose 31139*t - 31069*t - 560630 = 0. What is the units digit of t?
9
Suppose -26*v + 25196 = -25348. What is the thousands digit of v?
1
Let d be 2/((-16)/478) - 3/12. Let q = d + 63. Suppose -n + 22 = 4*k, n + 3*k - 75 = -q*n. What is the units digit of n?
8
Let v = 36 - -110. Let x = 289 - 284. Suppose 0 = x*t - 59 - v. What is the tens digit of t?
4
Suppose 3*q = -b + 71, -10*b + 8*b - 108 = -4*q. Suppose -1255 - q = -16*a. What is the tens digit of a?
8
Let f(v) = 596*v + 16. Let s = -221 - -223. What is the tens digit of f(s)?
0
Let h = -31 - -29. What is the hundreds digit of (-4 - (-2 + 40))/(h/14)?
2
Suppose 5*v + 2*h - 10 = -2*h, -20 = 4*h. Let i(g) = 33*g - 77. What is the hundreds digit of i(v)?
1
Let s(b) = b**3 + 8*b**2 - 2*b - 5. Let q be s(-8). Suppose 0 = -p + 4 + q. Suppose -6*c + 2*c = -y - 179, p = -5*y. What is the tens digit of c?
4
Let c(q) = -q**3 - 12*q**2 - 27*q + 13. Let l be c(-9). Suppose -l*i = -2875 - 1181. What is the tens digit of i?
1
Let u(l) = 3*l**2 + 34*l - 55. Let v(b) = -8*b - 384. Let t be v(-50). What is the units digit of u(t)?
7
Let k be 6/(-27) - (-16337)/9. Suppose 0 = -5*b + 10*b - k. Suppose 7*n = -b + 1931. What is the tens digit of n?
2
Let d = 79 - 15. Let r = 223 + -41. Suppose -z - d = -b - r, -b = 4*z - 462. What is the hundreds digit of z?
1
Let v = 4126 + 742. What is the thousands digit of v?
4
Suppose r = -r + 6. Suppose 3 = -r*l, 3*l = -4*g - 2*l + 15. Suppose -g*j + 56 = -239. What is the tens digit of j?
5
Suppose 16 - 64 = -12*s. Suppose 4*n - 2036 = -t + s*t, 0 = -5*t. Suppose n + 551 = 10*f. What is the tens digit of f?
0
Let f = 56 - 51. Suppose -15*d = -f*v - 18*d + 8093, 4*d + 6500 = 4*v. What is the tens digit of v?
2
Let z = 1142 - 194. What is the units digit of z?
8
Suppose -154565 = -43*q + 119732. What is the hundreds digit of q?
3
Let w = 2852 - -2072. What is the units digit of w?
4
Let i(a) = 540*a**2 - 42*a - 343. What is the hundreds digit of i(-6)?
3
Suppose 21*d = 399594 + 59529. What is the tens digit of d?
6
Let m(o) = 50*o**2 + 5*o + 6. Let j(y) = -y - 1. Let r(s) = -5*j(s) - m(s). Let l be r(-1). Let g = 87 + l. What is the tens digit of g?
3
Let g = -2310 + 3542. What is the hundreds digit of g?
2
Let p = 102 + -375. Let a = 733 + p. What is the hundreds digit of a?
4
Let d(j) = j**3 - 8*j**2 - 9*j. Let x be d(9). Suppose x = 9*f - 710 - 1414. What is the tens digit of f?
3
Let v(a) = 2*a + 6. Let j be v(0). Suppose -14*q + j*q = -296. Let g = 122 - q. What is the tens digit of g?
8
Suppose -493*u + 460*u = -440319. What is the thousands digit of u?
3
Let w(o) = -o**3 + 23*o**2 + 47*o + 21. What is the hundreds digit of w(12)?
1
Suppose 3*y = 7*y - 20. Suppose -4*j = -y*j + 228. What is the tens digit of j?
2
Suppose 2*h + 1779 = -17097. What is the tens digit of 1/(h/(-3144) - 3) - -5?
2
Let p(m) = -m**3 + 16*m**2 - 9*m - 26. Let z = 447 + -433. What is the units digit of p(z)?
0
Let o(q) = -q - 1. Let v(t) = -5*t - 2. Let d(h) = -6*o(h) + v(h). Let y be d(9). Suppose 16*g = y*g + 96. What is the units digit of g?
2
Suppose 2*g + 36 + 8 = 0. Let u = g + 19. Let m(h) = 11*h**2 + 5*h + 6. What is the tens digit of m(u)?
9
Let i be 1166/159*((-266)/4 + 2). Let a = 1281 + i. What is the tens digit of a?
0
Let v(y) = -7*y - 14. Let n be v(-2). Suppose -10*r + 5*r = -2*o + 11, -2*o - 4*r + 2 = n. Suppose o*z - z = 24. What is the tens digit of z?
1
Suppose 2*z - 16988 - 3010 = -q, 0 = 5*q - z - 99990. What is the thousands digit of q?
9
Suppose -4*r - 3*f = 122, 54 = -11*r + 9*r - 5*f. What is the tens digit of (408/r + 10)/(1/(-208))?
7
Suppose -16*b + 5*r = -975059, -5*b + 285767 = 3*r - 18980. What is the ten thousands digit of b?
6
Suppose -32 = -m - 4. Suppose 0 = 4*g + x - 18, 2*g - 11 - 7 = 4*x. Let s = g + m. What is the units digit of s?
3
Let n(b) = 11*b**2 - 161*b - 5515. What is the hundreds digit of n(-49)?
7
Let p = 83 - 79. Suppose -p*h + 271 = -33. Let g = h - -34. What is the tens digit of g?
1
Let d(t) = -7*t**3 - 22*t**2 - 16*t + 96. What is the thousands digit of d(-11)?
6
Let n(g) = -4*g**3 + g**2 + 269*g + 3. What is the thousands digit of n(-14)?
7
Suppose 12 + 4 = f. Suppose -17*c = -f*c - 348. Suppose -c = -6*d + 2*d. What is the tens digit of d?
8
Suppose -9*h - 121050 = -20*h + 5*h. What is the tens digit of h?
7
Suppose -3*d = 5*h - 48808, 0 = -5*d + 3*h + 99767 - 18477. What is the units digit of d?
1
Let j = 256 - 90. Let g = 319 - j. What is the units digit of g?
3
Let j be (-4 - (-20928)/(-30)) + 6/(-15). What is the tens digit of (j/(-24))/(2*(-1)/(-16))?
3
Let s = 36 - 36. Suppose h + 16 + 4 = s. What is the units digit of ((-4)/(-2))/((-5)/h)?
8
Suppose -5*v = -7*v - 102. Let f = v + 88. Let s = 48 - f. What is the tens digit of s?
1
Let h = 9311 + -6258. What is the hundreds digit of h?
0
Let n(g) = 26*g**2 - 5*g - 3. Let j be (-27)/(-45) + (-204)/(-10). Let y be j - 18 - (6 + (-1)/1). What is the hundreds digit of n(y)?
1
Let i be (4 - (-9)/(45/(-40))) + 45. Let g = 80 - i. What is the units digit of g?
9
Let u(w) = -49*w**3 - 2*w - 9. Let p(c) = 25*c**3 + c + 5. Let m(o) = -11*p(o) - 6*u(o). Let z be m(-2). Let a = -36 - z. What is the hundreds digit of a?
1
Let l be (4 - 1)*(-411)/9. Suppose -5*q + 4*h = -1096, -3*q + 46*h + 664 = 50*h. Let j = q + l. What is the units digit of j?
3
Let n = -515 - -521. What is the hundreds digit of (n/(-10))/((-57)/54815)?
5
Suppose 0 = -4*v + 5*v - 10. Let a be 14/v + 2/(-5) - -1. Suppose 0 = -4*b - a*r + 868, 0 = -5*b - 5*r + 8*r + 1107. What is the tens digit of b?
1
Let s(h) = -718*h - 54. Let d be s(-3). Suppose -12*a - 2*a + d = 0. What is the hundreds digit of a?
1
Suppose -4*w - 47 = 3*d, 2*w - 5*w = 4*d + 58. Let l = d + -26. Let g = l + 113. What is the units digit of g?
4
Suppose -3*o + 8458 = -5*j, -2*j + 5659 = 4*o - 5627. What is the units digi